 + -3.
-9
(-24 - -63) + -37 + 39 + -2
39
Evaluate 3 + (-2 - (5 + 2 + -5)) + -7.
-8
-8 + 0 + 6 + -4 + (26 - 0)
20
Calculate 270 + -248 - (1 + 0).
21
What is the value of -22 + 32 + (-5 - -10)?
15
Evaluate -7 - (-3 + 0) - (-2 + -9).
7
Calculate -2 - -1 - (-52 + 69).
-18
Evaluate (-21 - 1) + 29 + -20 + 2.
-11
What is the value of (11 - 14) + 23 - 11?
9
-18 + -10 + 46 + (-7 - -1)
12
6 + 2 + -9 + (52 + -7 - 11)
33
What is -5 - (-15 + (2 - (-5 - -2) - 1))?
6
(-5 + -3 - -14) + -12
-6
What is the value of 5 + -7 + 8 - -1 - 14?
-7
What is the value of 37 + (-1 - (-9 - -15))?
30
Evaluate 1 + 13 + (-114 - -82).
-18
What is the value of -3 + -8 + (4 - -8) + -1 + -4?
-4
(3 - (-24 - -56)) + 29
0
Evaluate (-12 - -22 - 0) + -9 - (0 - 4).
5
What is the value of -102 + 99 + (-1 - -8)?
4
What is -8 - (-8 + (-9 - -22))?
-13
Evaluate -13 + (-10 - -11) + 17.
5
What is the value of -7 - (1 - 3 - 15)?
10
Evaluate 11 + 11 - (-7 + 24).
5
Calculate -1 - (8 - 0) - ((38 - 57) + -16).
26
What is the value of -4 - 1 - (17 + -5 + 3)?
-20
Evaluate 37 - (-44 + 23 + 43).
15
Evaluate 16 + 1 - (-68 - -78) - (-2 - -16).
-7
Calculate 0 + 7 - (-40 + 40).
7
What is (-5 - 2 - (0 - -6)) + (16 - 14)?
-11
What is (-22 + -8 - -24) + -7?
-13
Evaluate (18 - 19) + 7 + 5.
11
What is the value of -18 - (-22 - -36 - 26)?
-6
Evaluate 4 + -5 + 7 + (-18 - -10).
-2
What is the value of (11 - 11) + 0 + 2?
2
What is the value of -11 - ((7 + -6 - 1) + -8)?
-3
Evaluate -19 + 37 + 6 + 3 - 2.
25
Evaluate (-1 - -1) + -24 - (-9 + -5 + 18).
-28
What is the value of 2 + (-7 - -7) - -4?
6
(3 - 2) + -10 - -3 - 15
-21
Evaluate -25 + -20 + (-19 - -41).
-23
Calculate -6 + (0 - (0 + -4) - (-18 - -3)).
13
Evaluate (0 - 11) + -76 + 98 + -51 + 1.
-39
Calculate (7 + (-2 - 8) - 10) + 3 + 4.
-6
What is (35 - 4) + 6 - 25?
12
Calculate 4 - (3 - (-18 + 28 + 10 + -5)).
16
What is (-28 - (-33 - -3)) + -1 + -8 + -7?
-14
Calculate -4 + (8 - 19 - -14) - -18.
17
10 - (-1 + -19 + (14 - (-12 + 20)))
24
What is the value of -30 + 13 + (2 - -9) - -10?
4
-4 + -17 + (9 - -7)
-5
What is 30 - (28 - (20 + 6))?
28
Calculate -4 - -9 - 7 - (3 - (-6 - -3)).
-8
1 + 8 + (-17 - -34) + (-28 - -25)
23
Evaluate 5 + (-1 - (8 - 5)) + 0 + 0.
1
Evaluate (-74 - -38) + (3 - (2 - (-1 - 0))).
-36
What is -2 - -4 - (-8 + 2) - (-1 - -8)?
1
What is the value of 8 - (3 + 1 + (-17 - -6)) - 0?
15
Evaluate (-7 - (-9 + 3 - (17 + -17))) + 1.
0
What is the value of 10 + (11 - 13 - 2)?
6
Calculate 1 + -15 - (-290 + 284).
-8
Evaluate (5 + -4 - -4) + (-4 - 7) - -10.
4
What is the value of (-86 - (-105 - -28)) + 5 + -1?
-5
(-5 - (-9 - -1 - -8)) + 31
26
What is -260 + 277 + (1 - 4) + 6 + 0?
20
-12 + (-7 + 14 - -3)
-2
Calculate -9 - -7 - ((-5 - (-10 - 1)) + -3).
-5
Evaluate (-15 + -2 - -24) + (-1 - 1).
5
-26 + 17 + (7 - 4) - (-1 - -2)
-7
Calculate 0 + -3 + -6 + -5 + 22 + -21.
-13
Calculate 6 + (15 - -16) - 46.
-9
What is the value of -8 + (-7 - 4 - 9 - -7)?
-21
6 + 2 + 4 + -28
-16
What is (18 + -47 - -7) + 20 + -10 + 1?
-11
1195 + -1221 - (1 - 41)
14
Calculate 8 + (6 - 13) - (-26 - -10).
17
What is the value of (0 - (-18 + (-3 - -4))) + (149 - 140)?
26
22 - 7 - 6 - ((5 - -2) + -9)
11
What is the value of -19 + (-11 - 4) + 31?
-3
What is 458 - 410 - (-2 + 40)?
10
What is 0 + -2 + (4 + 8 - -8) + -11?
7
Calculate -7 - ((29 - -35) + -35).
-36
-8 + 2 - (11 + 4 + -4)
-17
What is 2 - (12 + -12 + -13)?
15
What is the value of (-10 + 11 - 20) + 17?
-2
Evaluate -8 - ((-3 - 4) + 11 - 27).
15
Evaluate 5 + -13 - -3 - -19.
14
Calculate (15 - 17 - 26) + (6 - 1) - 3.
-26
(26 - (6 + 4)) + -17
-1
Evaluate (-3 - -37) + -2 + -47.
-15
Calculate -2 - (0 + 1 + -15) - (7 + -7).
12
What is 17 + (4 - 21) - 13?
-13
(26 + -11 - 23) + -1 + 1
-8
What is the value of 37 + -38 + (-7 - 0) - 5?
-13
What is 4 + -9 + -6 - (-13 + -2)?
4
Evaluate -8 + 6 + 0 + 0 + 1 + -6.
-7
39 + (-41 - -36 - (5 - 2))
31
What is the value of (36 + -15 - 8) + -15?
-2
Evaluate -15 - (-11 + (-5 - 4)).
5
What is the value of (-6 - (2 - -14)) + -12?
-34
Calculate -9 - ((-36 - -27) + (5 - -1)).
-6
42 - 49 - -10 - -18
21
What is 21 + -31 + (0 + -2 + 1 - -5)?
-6
What is the value of -10 - (28 + -22 - 40)?
24
(-3 - -4) + (5 - 8) + 1 - -6
5
What is -10 + -6 + 41 + -13?
12
What is the value of 1231 + -1241 + -1 + 3 + -2?
-10
What is the value of -2 + (26 - (-12 + 31))?
5
What is the value of (7 - (6 + 0 - 0) - 22) + 3?
-18
What is -74 + 60 + (33 - -9)?
28
16 + 4 + (-33 - -20)
7
Evaluate (15 - -1) + 4 - 11.
9
What is (-73 + 32 - -63) + -1?
21
What is -42 - (0 - 36) - (0 + (-2 - -5))?
-9
(143 - 149) + -1 + 2 + 37
32
(-5 - 1) + 100 + -93 - (-5 - -1)
5
Evaluate -5 - (-14 - (12 - 21)).
0
What is the value of 0 + 0 - 9 - (-698 - -663)?
26
Evaluate (-21 - -11) + 40 - 11.
19
(268 - 263) + -1 + 2 + -1
5
What is -13 - (1 - (-5 - -10)) - -19?
10
-255 + 247 - (-2 + (-4 - -9))
-11
What is the value of -11 - -8 - -14 - (-4 - -3)?
12
Evaluate -3 + (8 - 2 - (-5 - (-2 - -4))).
10
Evaluate -7 + 19 + 2 + -1 + -8.
5
What is 0 + 7 - (32 - 39)?
14
What is -14 + -4 + 7 + (-27 - -13)?
-25
Evaluate -6 - 0 - (10 + (26 - 32)).
-10
What is 27 + 9 + 28 + -47?
17
Calculate 20 + 3 + 4 + -8 - (-12 - -4).
27
-7 + 6 + 10 - 11 - -23
21
29 + (32 - (-3 - -36))
28
Calculate -5 - (1 + 4 + (-11 - (4 + -17))).
-12
Evaluate (32 - 1) + -24 - (-3 - -1).
9
What is the value of -247 + 245 - (4 - -2 - 2)?
-6
Evaluate 5 - (1 + 1) - (2 - (-37 + 9)).
-27
Calculate -5 - -3 - 7 - (23 + -42).
10
What is 3 - (2 + 4 + -5 + 0)?
2
What is (1 - 0 - 6) + (-15 - 0 - -31)?
11
What is (-6 - 0) + 21 + 21 + -30?
6
(-11 - 4 - 9) + -7 + -3 - -9
-25
Evaluate -19 + (-3 - -3) + 8 - -32.
21
(22 - 20) + (1 - (4 + 1))
-2
(0 - 36) + 14 - -7
-15
Calculate 5 + -18 - -25 - 19.
-7
-16 + -2 + 3 - (82 - 90)
-7
1 + (1 - -7) + -245 + 247
11
23 + (51 - 68) - (0 - 6)
12
What is the value of -5 - (0 + 0 - (-12 - -3) - 2)?
-12
What is 2 + ((-1 - -6) + -10 - -6) + 1?
4
1 + -2 + 2 + 48 + -141 + 72
-20
Calculate (24 - (1 - 2)) + -5 + (-11 - -8).
17
Calculate -32 + 12 + -9 + -2.
-31
Evaluate -11 + 25 + 3 + (1 - (0 - -1)).
17
Evaluate 21 + -12 + -3 - (-11 + 23).
-6
Evaluate -3 + -7 + (-5 - -18) - 0.
3
Calculate -6 + 0 + (112 - 109).
-3
14 + (-4 - -1) + -3
8
(6 - (9 - (9 + -10))) + -7
-11
Calculate -12 + 5 - 3 - (-4 - -12).
-18
What is the value of (-9 + 4 - -3) + -7 + (5 - 5)?
-9
Evaluate -5 + (6 + (7 - 4) - -7).
11
6 + (5 - 3) + (22 - 41)
-11
What is -1 + 0 + -5 + 118 + -117?
-5
Calculate 9 + 4 + -10 + -11.
-8
Evaluate 12 + 1 + -15 + 1 + -5.
-6
Calculate 2 + (-13 - -15 - (1 - 2)).
5
What is -5 + 0 + -427 + 445?
13
Calculate 21 + 2 + -35 + 40.
28
-118 + 115 - (-2 + -25)
24
What is the value of 19 - (37 + -11) - 21?
-28
-19 + (-12 - -28 - 7)
-10
What is 11 + 18 + -22 + -24?
-17
What is the value of 0 + -2 + -4 + 4 + (-9 - 1)?
-12
Calculate (-13 - 23) + 1 - -1 - (-7 + 0).
-27
-10 + (2 + 7 - 8)
-9
What is the value of -11 + 28 + -16 - 19?
-18
-12 + 13 + -9 - (7 - 29)
14
Evaluate 24 - (33 + -9) - (1 + -1 + 13).
-13
Calculate (0 - -1 - (6 - 4)) + 31 + -43.
-13
What is 9 - 1 - (-1 + (0 - (11 + -18)))?
2
What is the value of (2 - 9) + (-18 - -46)?
21
-4 + -1 + 1 + (-4 - 0)
-8
What is -2 - (20 + -2) - (-13 - (8 + -15))?
-14
What is -2 + 18 - (-59 - -67) - 31?
-23
What is the value of (18 - 0) + (179 - 175)?
22
(17 - 12 - (2 + -3 + 2)) + 6
10
What is the value of 4 + (20 - (-1 + 3)) + 2?
24
What is the value of 6 + (-6 + 2 - 5 - -8) + -13?
-8
(-21 - -1 - (0 + -2)) + (412 - 410)
-16
What is 0 - 0 - ((13 - -1) + -4) - -3?
-7
Calculate -28 + 42 - (-8 - -30).
-8
What is the value of 19 - (9 - -4 - 0)?
6
What is the value of 10 + 12 + (-21 - (13 - 12))?
0
What is -10 + (5 - (9 - (-4 + 27)))?
9
Calculate 3 - (10 + (-11 - (1 - 11))).
-6
13 + (11 - 21) + 9 - 12
0
-17 + -1 - (-1094 + 1093)
-17
What is (24 - (20 - -14)) + 9?
-1
Calculate (6 - 37) + 15 - -18.
2
Evaluate 7 + (2 - 8 - -12) - 0.
13
What is the value of 27 + -32 + (-4 + 0 + 4 - 1)?
-6
(7 + 1 + -8 - -6) + -10
-4
37 + (30 - 59) + -36 + 1
-27
What is the value of (-8 - ((10 - 1) + -20)) + 12?
15
Calculate 4 + -9 + -1 + 6 + 1 + 1.
2
Evaluate -8 - (-14 + 7 - -22).
-23
What is -5 + (-1 - (-2 - 0)) + (800 - 794)?
2
17 - (23 + (5 - 8))
-3
Calculate (-1 - (18 - -11)) + 13.
-17
(11 - 2) + -10 + 11 + (5 - 46)
-31
What is (-88 - -77) + (10 - 5) - (-1 - 16)?
11
Calculate 9 + (-4 - 1) - (4 